. Calculate l(-6).
24
Let y(m) = -m**2 + m. What is y(1)?
0
Let y(w) = w - 19. Determine y(12).
-7
Let y(d) = -d + 19. Calculate y(13).
6
Let i(s) = -s**2 + 25*s - 59. Determine i(22).
7
Let n(y) = y**2 - 1. What is n(-1)?
0
Let w(v) = v**2 + 8*v + 17. Determine w(-7).
10
Let f(x) = 5*x - 7. Give f(3).
8
Let a(x) = -5*x + 4. Determine a(-6).
34
Let w(v) = -v**3 - 6*v**2 - v. Calculate w(-5).
-20
Let w(b) = -b**2 - 23*b + 139. What is w(-28)?
-1
Let b(r) = -r**2 - 4*r - 7. What is b(-5)?
-12
Let x(o) = o**3 + 6*o**2 - 4*o. What is x(-7)?
-21
Let g(a) = -10*a + 19. What is g(7)?
-51
Let f(r) = 3*r - 38. Calculate f(12).
-2
Let k(o) = 4*o - 3. Calculate k(-16).
-67
Let i(l) = -5*l - 2. Determine i(0).
-2
Let r(k) = 8*k**3 + 2*k**2 - 2*k - 4. What is r(-3)?
-196
Let x(z) = z - 6. Give x(14).
8
Let o(j) = 3*j + 22. What is o(14)?
64
Let u(i) = -i**3 + 14*i**2 + 7*i - 29. Calculate u(14).
69
Let o(m) = m**2 - 23*m + 23. What is o(22)?
1
Let u(w) = w**2 - 10*w - 14. Calculate u(13).
25
Let k(p) = p**2 + 6*p - 21. Calculate k(-11).
34
Let o(s) = -s + 8. Give o(7).
1
Let t(o) = -o**2 + o + 33. Determine t(0).
33
Let s(u) = -u**2 + u - 1. Give s(3).
-7
Let s(m) = -2*m**2 + 69*m - 31. Give s(34).
3
Let l(w) = 19*w**3 - w + 2. Give l(1).
20
Let f(c) = -c**2 + 8*c + 1. Give f(3).
16
Let n(v) = v**3 - 7*v**2 + 7*v - 8. Give n(6).
-2
Let i(n) = 2*n**3 - 25*n**2 + 9*n + 26. What is i(12)?
-10
Let j(p) = p**2 - 17*p + 30. Determine j(15).
0
Let l(g) = -4*g + 1. Give l(1).
-3
Let r(y) = 2*y**3 + 24*y**2 + 2*y + 28. Give r(-12).
4
Let d(r) = 2*r**3 + r**2 - r - 47. Determine d(0).
-47
Let r(d) = -2*d**2 + 21*d. What is r(11)?
-11
Let o(p) = 3*p**2 + 6*p. Determine o(-4).
24
Let o(t) = -2*t**3 - 20*t**2 + t - 7. Give o(-10).
-17
Let q(z) = 26*z - 1. Give q(2).
51
Let z(q) = -q**2 + 14*q + 5. Determine z(15).
-10
Let f(l) = -l**2 + 5*l + 3. Calculate f(7).
-11
Let a(p) = p**3 - 20*p - 10. Determine a(-4).
6
Let z(r) = 3*r**2 - 14*r - 5. Give z(5).
0
Let x(w) = w**3 + 5*w**2 - 6*w + 3. Determine x(-6).
3
Let b(n) = 5*n**3 + n**2 + 4*n + 4. Give b(-2).
-40
Let s(a) = -3*a + 2. Calculate s(-3).
11
Let a(l) = 2*l**3 + l**2 - l + 10. Give a(0).
10
Let v(a) = -a**3 - 19*a**2 - 17*a + 10. What is v(-18)?
-8
Let m(a) = -7*a - 2. What is m(-1)?
5
Let w(o) = -16*o - 49. Give w(-3).
-1
Let w(f) = f**2 - 3*f - 9. What is w(-6)?
45
Let z(h) = -h**3 - h + 2. Give z(2).
-8
Let q(v) = -v**3 + 10*v**2 + 4*v - 4. Determine q(10).
36
Let t(d) = 42*d**2 - 2*d - 1. What is t(-1)?
43
Let i(l) = l + 3. Calculate i(7).
10
Let t(u) = -3*u**2 - 2*u + 2. Determine t(1).
-3
Let l(c) = -2*c - 26. What is l(-13)?
0
Let i(k) = -k + 4. Give i(-5).
9
Let p(b) = 27*b - 21. Give p(1).
6
Let s(t) = 6*t**2 + 8*t + 7. Calculate s(-3).
37
Let x(q) = 6*q**2 - 2*q - 1. What is x(2)?
19
Let u(p) = -5*p - 6. What is u(-4)?
14
Let p(h) = 9*h - 5. Calculate p(2).
13
Let c(x) = -x**2 - 19*x - 27. Calculate c(-18).
-9
Let m(p) = 3*p**3 - p**2 + 1. Give m(-2).
-27
Let i(h) = -3*h**3 - h**2 + 2*h - 1. What is i(1)?
-3
Let t(i) = -i**2 - 4*i + 12. Determine t(-9).
-33
Let i(a) = -a**2 + 11*a - 9. Determine i(11).
-9
Let q(d) = -d**3 - 10*d**2 - d - 24. Determine q(-10).
-14
Let s(h) = 3*h + 3. What is s(2)?
9
Let k(a) = a**2 + 9*a + 24. Calculate k(-6).
6
Let u(x) = x**3 - x**2 - x - 144. Determine u(0).
-144
Let k(h) = -h**3 - 13*h**2 + 3*h + 12. Calculate k(-13).
-27
Let h(f) = 14*f + 4. Give h(-1).
-10
Let o(v) = v**2 - 4*v. Give o(-3).
21
Let b(p) = -5*p**2 + 7*p + 14. Determine b(6).
-124
Let o(a) = -a**2 - 8*a - 5. What is o(-5)?
10
Let c(i) = -i**2 - 3*i + 3. What is c(0)?
3
Let r(w) = w**3 - 6*w**2 + 5*w + 2. Determine r(6).
32
Let o(b) = -2*b - 2. Calculate o(2).
-6
Let r(d) = d**2 + 6*d - 10. Determine r(-7).
-3
Let w(u) = -u**2 - 3*u + 5. Calculate w(3).
-13
Let j(z) = z + 15. What is j(-8)?
7
Let f(t) = 4*t + 126. Determine f(-19).
50
Let k(s) = 3*s**2 + 30*s + 8. Determine k(-10).
8
Let f(o) = -3*o**2 + 24*o - 5. Give f(7).
16
Let u(j) = j**2 - 18*j + 31. Determine u(16).
-1
Let g(x) = 8*x**2 - 2*x. Determine g(-2).
36
Let z(f) = f**2 + 10*f + 20. Calculate z(-7).
-1
Let i(s) = -s**3 + 4*s**2 + 13*s - 23. Give i(7).
-79
Let o(r) = -5*r**2 - 4*r - 1. Give o(4).
-97
Let t(p) = -6*p + 2. Determine t(1).
-4
Let w(j) = -j**3 + 4*j**2 + 10*j - 37. Give w(4).
3
Let d(n) = n + 3. Give d(-8).
-5
Let g(s) = s**2 - 9*s - 10. What is g(12)?
26
Let w(k) = -8*k + 120. What is w(16)?
-8
Let h(x) = x**3 + 8*x**2 + 10*x - 12. Give h(-7).
-33
Let c(d) = -2*d + 10. Calculate c(8).
-6
Let h(d) = -2*d - 14. Calculate h(0).
-14
Let w(x) = x**3 + 9*x**2 + 6*x + 55. Determine w(-9).
1
Let a(x) = x + 10. Give a(-4).
6
Let x(y) = -y**3 + 4*y**2 - 3*y. Calculate x(1).
0
Let b(s) = -s**3 + 8*s**2 - 22*s + 52. What is b(6)?
-8
Let h(y) = -y**3 - 10*y**2 + 12*y - 6. What is h(-11)?
-17
Let k(y) = -y**3 - 6*y**2 - 6*y + 15. Determine k(-6).
51
Let d(g) = g + 3. What is d(-6)?
-3
Let r(x) = -2*x**2 - 5*x + 9. Calculate r(2).
-9
Let h(f) = 3*f**2 - 25*f - 2. What is h(8)?
-10
Let h(i) = i**2 + 7*i - 3. Give h(-8).
5
Let a(f) = f**3 - 3*f**2 - f + 14. Determine a(3).
11
Let q(o) = o**2 - 3*o + 3. Give q(4).
7
Let f(i) = i**3 - 6*i**2 - 5*i + 5. Determine f(6).
-25
Let m(s) = 10*s + 4. Calculate m(4).
44
Let s(r) = r**2 - 18*r - 3. What is s(0)?
-3
Let y(n) = n**2 - 8*n + 2. Calculate y(6).
-10
Let y(o) = -2*o - 54. Determine y(-22).
-10
Let p(q) = 27*q - 79. Give p(3).
2
Let s(f) = -f + 1. Calculate s(2).
-1
Let i(k) = -10*k + 52. Give i(0).
52
Let w(o) = o**3 - o**2 - 2*o + 57. Give w(0).
57
Let p(q) = -q**3 + 5*q**2 - q + 2. Give p(5).
-3
Let g(v) = -v**3 - 4*v**2 + v. Give g(-2).
-10
Let f(w) = -21*w + 2. Give f(-4).
86
Let v(f) = -f**2 - 14*f + 102. Calculate v(4).
30
Let l(z) = z**3 - 11*z**2 - 6*z - 2. Determine l(11).
-68
Let p(v) = -10*v + 131. Determine p(13).
1
Let d(s) = -s**2 - s + 51. What is d(0)?
51
Let n(k) = -16*k**2 - 5*k + 7. Give n(1).
-14
Let h(s) = s**3 - 11*s**2 + 8*s - 13. Determine h(10).
-33
Let p(d) = 2*d**2 + 18*d + 25. Calculate p(-7).
-3
Let u(f) = -2*f**3 - 6*f**2 - 4*f + 5. Determine u(-3).
17
Let a(n) = -n**3 + n**2 - n + 7. What is a(0)?
7
Let l(o) = -4*o + 9. Determine l(4).
-7
Let v(l) = l + 9. Give v(-5).
4
Let m(u) = -u**3 - 6*u**2 + 5*u + 13. Give m(-6).
-17
Let w(v) = v**2 - 41*v + 186. Give w(5).
6
Let m(s) = s - 2. What is m(2)?
0
Let l(n) = -n**2 - 17*n - 29. Give l(-15).
1
Let z(q) = -q - 1. Give z(-9).
8
Let n(t) = -18*t + 555. Determine n(30).
15
Let h(b) = -13*b - 31. Determine h(-3).
8
Let c(u) = u**3 + u**2 + u + 2. Determine c(-1).
1
Let a(o) = -o**2 + 40*o - 238. What is a(31)?
41
Let k(y) = -15*y - 5. Give k(-3).
40
Let g(m) = -2*m + 2. What is g(6)?
-10
Let p(v) = -v**2 + 10*v + 8. Give p(6).
32
Let u(b) = -3*b**2 + 16*b - 20. Determine u(4).
-4
Let j(v) = -v**2 - 5*v - 11. What is j(-3)?
-5
Let z(m) = -3*m**2 - m - 2. Give z(-3).
-26
Let q(v) = -7*v + 35. Calculate q(5).
0
Let h(i) = -i**2 + 11*i + 2. Give h(8).
26
Let m(y) = 4*y**2 + 21*y + 5. Determine m(-5).
0
Let z(r) = 150*r - 447. What is z(3)?
3
Let f(l) = -3*l**3 - 16*l**2 - 14*l - 52. Give f(-5).
-7
Let o(m) = 2*m**3 + 30*m**2 + 27*m - 13. Calculate o(-14).
1
Let w(a) = 9*a**2 - 3*a. What is w(2)?
30
Let z(k) = k**2 + 7*k - 3. Calculate z(-7).
-3
Let j(s) = 17*s - 37. Give j(6).
65
Let y(m) = 37*m + 43. Give y(-1).
6
Let s(a) = a**3 - 9*a**2 + 9*a + 10. Calculate s(7).
-25
Let r(b) = -2*b**2 - 13*b - 3. What is r(-5)?
12
Let b(g) = -5*g + 5. Determine b(0).
5
Let t(a) = 26*a - 2. Calculate t(1).
24
Let l(c) = -c**3 - 9*c**2 - 9*c + 10. Determine l(-8).
18
Let m(j) = -17*j + 33. Give m(2).
-1
Let d(p) = -p**3 - 23*p**2 - 44*p - 34. What is d(-21)?
8
Let c(m) = m**2 + 21*m + 21. Give c(-15).
-69
Let g(d) = 3*d - 17. Give g(8).
7
Let z(c) = 3*c - 12. Determine z(-8).
-36
Let s(i) = 28*i**2 - 2*i + 1. What is s(1)?
27
Let z(i) = 4*i**2 + 23*i. Calculate z(-5).
-15
Let d(a) = a**3 + 8*a**2 + 7*a - 7. Give d(-7).
-7
Let k(f) = 2*f - 5. Determine k(10).
15
Let h(w) = w**3 - 29*w**2 + 31*w - 93. What is h(28)?
-9
Let f(q) = q**2 - 28*q - 367. Determine f(-10).
13
Let z(q) = -2*q**3 - 35*q**2 - 24*q + 8. Give z(-17).
127
Let w(d) = -d**3 - 3*d**2 - 3*d - 3. Calculate w(-5).
62
Let c(n) = -n**2 + 11*n - 2. Determine c(6).
28
L